{"id":133,"date":"2025-02-25T10:55:42","date_gmt":"2025-02-25T09:55:42","guid":{"rendered":"https:\/\/pmjecken.de\/?page_id=133"},"modified":"2025-02-25T11:03:00","modified_gmt":"2025-02-25T10:03:00","slug":"imperessum","status":"publish","type":"page","link":"https:\/\/pmjecken.de\/?page_id=133","title":{"rendered":"Impressum"},"content":{"rendered":"\n<p><strong>Angaben gem\u00e4\u00df \u00a7 5 TMG:<\/strong><br><strong>Pauls-M\u00fchler Jecke .e.V.<\/strong><br>Paulsm\u00fchlenstra\u00dfe 51<br>40597 D\u00fcsseldorf<br>Germany<\/p>\n\n\n\n<p><strong>Kontakt:<\/strong><br>E-Mail: <a href=\"https:\/\/pmjecken.de\/?page_id=83\">Kontaktformular<\/a><br><strong>Vertreten durch:<\/strong><br>Michael Geier<\/p>\n\n\n\n<p><strong>Registereintrag:<\/strong><br>Eintragung im Handelsregister.<br>Registergericht: D\u00fcsseldorf<br>Registernummer: 5498<\/p>\n\n\n\n<p><strong>Verantwortlich f\u00fcr den Inhalt nach \u00a7 55 Abs. 2 RStV:<\/strong><br>Nyenhuis \/ Weber<br>D\u00fcsseldorf<\/p>\n\n\n\n<p><strong>EU-Streitschlichtung:<\/strong><br>Die Europ\u00e4ische Kommission stellt eine Plattform zur Online-Streitbeilegung (OS) bereit: <a href=\"https:\/\/ec.europa.eu\/consumers\/odr\">https:\/\/ec.europa.eu\/consumers\/odr<\/a><br><\/p>\n\n\n\n<p><strong>Haftung f\u00fcr Inhalte:<\/strong><br>Als Verein sind wir gem\u00e4\u00df \u00a7 7 Abs.1 TMG f\u00fcr eigene Inhalte auf diesen Seiten nach den allgemeinen Gesetzen verantwortlich. Nach \u00a7\u00a7 8 bis 10 TMG sind wir als Verein jedoch nicht verpflichtet, \u00fcbermittelte oder gespeicherte fremde Informationen zu \u00fcberwachen oder nach Umst\u00e4nden zu forschen, die auf eine rechtswidrige T\u00e4tigkeit hinweisen. Verpflichtungen zur Entfernung oder Sperrung der Nutzung von Informationen nach den allgemeinen Gesetzen bleiben hiervon unber\u00fchrt. Eine diesbez\u00fcgliche Haftung ist jedoch erst ab dem Zeitpunkt der Kenntnis einer konkreten Rechtsverletzung m\u00f6glich. Bei Bekanntwerden entsprechender Rechtsverletzungen werden wir diese Inhalte umgehend entfernen.<\/p>\n\n\n\n<p><strong>Haftung f\u00fcr Links:<\/strong><br>Unser Angebot enth\u00e4lt Links zu externen Websites Dritter, auf deren Inhalte wir keinen Einfluss haben. Deshalb k\u00f6nnen wir f\u00fcr diese fremden Inhalte auch keine Gew\u00e4hr \u00fcbernehmen. F\u00fcr die Inhalte der verlinkten Seiten ist stets der jeweilige Anbieter oder Betreiber der Seiten verantwortlich.<\/p>\n\n\n\n<p><strong>Urheberrecht:<\/strong><br>Die durch die Seitenbetreiber erstellten Inhalte und Werke auf diesen Seiten unterliegen dem deutschen Urheberrecht. Die Vervielf\u00e4ltigung, Bearbeitung, Verbreitung und jede Art der Verwertung au\u00dferhalb der Grenzen des Urheberrechtes bed\u00fcrfen der schriftlichen Zustimmung des jeweiligen Autors bzw. Erstellers.<\/p>\n\n\n\n<hr class=\"wp-block-separator has-alpha-channel-opacity\"\/>\n\n\n\n<p><strong><a href=\"https:\/\/pmjecken.de\/?page_id=3\" data-type=\"link\" data-id=\"https:\/\/pmjecken.de\/?page_id=3\">Datenschutzerkl\u00e4rung<\/a><\/strong><\/p>\n\n\n\n<p><\/p>\n","protected":false},"excerpt":{"rendered":"<p>Angaben gem\u00e4\u00df \u00a7 5 TMG:Pauls-M\u00fchler Jecke .e.V.Paulsm\u00fchlenstra\u00dfe 5140597 D\u00fcsseldorfGermany Kontakt:E-Mail: KontaktformularVertreten durch:Michael Geier Registereintrag:Eintragung im Handelsregister.Registergericht: D\u00fcsseldorfRegisternummer: 5498 Verantwortlich f\u00fcr den Inhalt nach \u00a7 55 Abs. 2 RStV:Nyenhuis \/ WeberD\u00fcsseldorf&#8230;<\/p>\n","protected":false},"author":1,"featured_media":0,"parent":0,"menu_order":0,"comment_status":"closed","ping_status":"closed","template":"","meta":{"footnotes":""},"class_list":["post-133","page","type-page","status-publish","hentry"],"_links":{"self":[{"href":"https:\/\/pmjecken.de\/index.php?rest_route=\/wp\/v2\/pages\/133","targetHints":{"allow":["GET"]}}],"collection":[{"href":"https:\/\/pmjecken.de\/index.php?rest_route=\/wp\/v2\/pages"}],"about":[{"href":"https:\/\/pmjecken.de\/index.php?rest_route=\/wp\/v2\/types\/page"}],"author":[{"embeddable":true,"href":"https:\/\/pmjecken.de\/index.php?rest_route=\/wp\/v2\/users\/1"}],"replies":[{"embeddable":true,"href":"https:\/\/pmjecken.de\/index.php?rest_route=%2Fwp%2Fv2%2Fcomments&post=133"}],"version-history":[{"count":4,"href":"https:\/\/pmjecken.de\/index.php?rest_route=\/wp\/v2\/pages\/133\/revisions"}],"predecessor-version":[{"id":140,"href":"https:\/\/pmjecken.de\/index.php?rest_route=\/wp\/v2\/pages\/133\/revisions\/140"}],"wp:attachment":[{"href":"https:\/\/pmjecken.de\/index.php?rest_route=%2Fwp%2Fv2%2Fmedia&parent=133"}],"curies":[{"name":"wp","href":"https:\/\/api.w.org\/{rel}","templated":true}]}}

<p><strong>Angaben gemäß § 5 TMG:</strong><br><strong>Pauls-Mühler Jecke .e.V.</strong><br>Paulsmühlenstraße 51<br>40597 Düsseldorf<br>Germany</p>



<p><strong>Kontakt:</strong><br>E-Mail: <a href="https://pmjecken.de/?page_id=83">Kontaktformular</a><br><strong>Vertreten durch:</strong><br>Michael Geier</p>



<p><strong>Registereintrag:</strong><br>Eintragung im Handelsregister.<br>Registergericht: Düsseldorf<br>Registernummer: 5498</p>



<p><strong>Verantwortlich für den Inhalt nach § 55 Abs. 2 RStV:</strong><br>Nyenhuis / Weber<br>Düsseldorf</p>



<p><strong>EU-Streitschlichtung:</strong><br>Die Europäische Kommission stellt eine Plattform zur Online-Streitbeilegung (OS) bereit: <a href="https://ec.europa.eu/consumers/odr">https://ec.europa.eu/consumers/odr</a><br></p>



<p><strong>Haftung für Inhalte:</strong><br>Als Verein sind wir gemäß § 7 Abs.1 TMG für eigene Inhalte auf diesen Seiten nach den allgemeinen Gesetzen verantwortlich. Nach §§ 8 bis 10 TMG sind wir als Verein jedoch nicht verpflichtet, übermittelte oder gespeicherte fremde Informationen zu überwachen oder nach Umständen zu forschen, die auf eine rechtswidrige Tätigkeit hinweisen. Verpflichtungen zur Entfernung oder Sperrung der Nutzung von Informationen nach den allgemeinen Gesetzen bleiben hiervon unberührt. Eine diesbezügliche Haftung ist jedoch erst ab dem Zeitpunkt der Kenntnis einer konkreten Rechtsverletzung möglich. Bei Bekanntwerden entsprechender Rechtsverletzungen werden wir diese Inhalte umgehend entfernen.</p>



<p><strong>Haftung für Links:</strong><br>Unser Angebot enthält Links zu externen Websites Dritter, auf deren Inhalte wir keinen Einfluss haben. Deshalb können wir für diese fremden Inhalte auch keine Gewähr übernehmen. Für die Inhalte der verlinkten Seiten ist stets der jeweilige Anbieter oder Betreiber der Seiten verantwortlich.</p>



<p><strong>Urheberrecht:</strong><br>Die durch die Seitenbetreiber erstellten Inhalte und Werke auf diesen Seiten unterliegen dem deutschen Urheberrecht. Die Vervielfältigung, Bearbeitung, Verbreitung und jede Art der Verwertung außerhalb der Grenzen des Urheberrechtes bedürfen der schriftlichen Zustimmung des jeweiligen Autors bzw. Erstellers.</p>



<hr class="wp-block-separator has-alpha-channel-opacity"/>



<p><strong><a href="https://pmjecken.de/?page_id=3" data-type="link" data-id="https://pmjecken.de/?page_id=3">Datenschutzerklärung</a></strong></p>



<p></p>

<p>Angaben gemäß § 5 TMG:Pauls-Mühler Jecke .e.V.Paulsmühlenstraße 5140597 DüsseldorfGermany Kontakt:E-Mail: KontaktformularVertreten durch:Michael Geier Registereintrag:Eintragung im Handelsregister.Registergericht: DüsseldorfRegisternummer: 5498 Verantwortlich für den Inhalt nach § 55 Abs. 2 RStV:Nyenhuis / WeberDüsseldorf&#8230;</p>
